{"id":5201,"date":"2022-02-10T12:22:17","date_gmt":"2022-02-10T12:22:17","guid":{"rendered":"https:\/\/opus365.ro\/aerotim_2022\/?page_id=5201"},"modified":"2025-08-04T14:58:57","modified_gmt":"2025-08-04T11:58:57","slug":"audiente-petitii","status":"publish","type":"page","link":"https:\/\/www.aerotim.ro\/index.php\/audiente-petitii\/","title":{"rendered":"Audiente\/Petitii"},"content":{"rendered":"\r\n<p>Programul de audien\u021be \u2013 conducerea S.N. Aeroportul Interna\u0163ional Timi\u015foara \u201eTraian Vuia\u201d S.A. a stabilit urm\u0103torul program de audien\u021be:<\/p>\r\n\r\n\r\n\r\n<ul class=\"wp-block-list\">\r\n<li>Director General \u2013 Luni 10:00 \u2013 12:00, cu men\u0163iunea c\u0103 programarea se face la secretariatul unit\u0103\u0163ii \u00een registrul de planificare al audien\u021belor; adresa de e-mail pentru PETI\u021aII: <a href=\"mailto:relatii.publice@aerotim.ro\">relatii.publice@aerotim.ro<\/a><\/li>\r\n<\/ul>\r\n","protected":false},"excerpt":{"rendered":"<p>Programul de audien\u021be \u2013 conducerea S.N. Aeroportul Interna\u0163ional Timi\u015foara \u201eTraian Vuia\u201d S.A. a stabilit urm\u0103torul program de audien\u021be: Director General \u2013 Luni 10:00 \u2013 12:00, cu men\u0163iunea c\u0103 programarea se face la secretariatul unit\u0103\u0163ii \u00een registrul de planificare al audien\u021belor; adresa de e-mail pentru PETI\u021aII: relatii.publice@aerotim.ro<\/p>\n","protected":false},"author":1,"featured_media":0,"parent":0,"menu_order":0,"comment_status":"closed","ping_status":"closed","template":"","meta":{"footnotes":""},"class_list":["post-5201","page","type-page","status-publish","hentry"],"_links":{"self":[{"href":"https:\/\/www.aerotim.ro\/index.php\/wp-json\/wp\/v2\/pages\/5201","targetHints":{"allow":["GET"]}}],"collection":[{"href":"https:\/\/www.aerotim.ro\/index.php\/wp-json\/wp\/v2\/pages"}],"about":[{"href":"https:\/\/www.aerotim.ro\/index.php\/wp-json\/wp\/v2\/types\/page"}],"author":[{"embeddable":true,"href":"https:\/\/www.aerotim.ro\/index.php\/wp-json\/wp\/v2\/users\/1"}],"replies":[{"embeddable":true,"href":"https:\/\/www.aerotim.ro\/index.php\/wp-json\/wp\/v2\/comments?post=5201"}],"version-history":[{"count":3,"href":"https:\/\/www.aerotim.ro\/index.php\/wp-json\/wp\/v2\/pages\/5201\/revisions"}],"predecessor-version":[{"id":23824,"href":"https:\/\/www.aerotim.ro\/index.php\/wp-json\/wp\/v2\/pages\/5201\/revisions\/23824"}],"wp:attachment":[{"href":"https:\/\/www.aerotim.ro\/index.php\/wp-json\/wp\/v2\/media?parent=5201"}],"curies":[{"name":"wp","href":"https:\/\/api.w.org\/{rel}","templated":true}]}}

<p>Programul de audiențe – conducerea S.N. Aeroportul Internaţional Timişoara „Traian Vuia” S.A. a stabilit următorul program de audiențe:</p>



<ul class="wp-block-list">
<li>Director General – Luni 10:00 – 12:00, cu menţiunea că programarea se face la secretariatul unităţii în registrul de planificare al audiențelor; adresa de e-mail pentru PETIȚII: <a href="mailto:relatii.publice@aerotim.ro">relatii.publice@aerotim.ro</a></li>
</ul>

<p>Programul de audiențe – conducerea S.N. Aeroportul Internaţional Timişoara „Traian Vuia” S.A. a stabilit următorul program de audiențe: Director General – Luni 10:00 – 12:00, cu menţiunea că programarea se face la secretariatul unităţii în registrul de planificare al audiențelor; adresa de e-mail pentru PETIȚII: relatii.publice@aerotim.ro</p>
