{"id":5185,"date":"2022-02-10T12:19:54","date_gmt":"2022-02-10T12:19:54","guid":{"rendered":"https:\/\/opus365.ro\/aerotim_2022\/?page_id=5185"},"modified":"2022-11-21T19:15:09","modified_gmt":"2022-11-21T17:15:09","slug":"localizare","status":"publish","type":"page","link":"https:\/\/www.aerotim.ro\/index.php\/localizare\/","title":{"rendered":"Localizare"},"content":{"rendered":"<div class=\"wpb-content-wrapper\">[vc_row][vc_column][vc_column_text]Aeroportul este amplasat la 12 km distan\u0163\u0103, \u00een partea de N-E a municipiului Timi\u015foara.<\/p>\n\n<p>Accesul la Aeroport se face pe drumul european E70, dinspre Timi\u0219oara spre Bucure\u0219ti.<\/p>\n[\/vc_column_text][\/vc_column][\/vc_row][vc_row][vc_column][vc_gmaps link=&#8221;#E-8_JTNDaWZyYW1lJTIwc3JjJTNEJTIyaHR0cHMlM0ElMkYlMkZ3d3cuZ29vZ2xlLmNvbSUyRm1hcHMlMkZlbWJlZCUzRnBiJTNEJTIxMW0xOCUyMTFtMTIlMjExbTMlMjExZDI3ODEuMDUwOTg4NzIzODY1NCUyMTJkMjEuMzE4MDA0NDE1NzYxNjM1JTIxM2Q0NS44MTAyMzcyMTgzMDcyNSUyMTJtMyUyMTFmMCUyMTJmMCUyMTNmMCUyMTNtMiUyMTFpMTAyNCUyMTJpNzY4JTIxNGYxMy4xJTIxM20zJTIxMW0yJTIxMXMweDQ3NDU2MTU0MjU1NDAxNDUlMjUzQTB4NjkyOTM4NTY0ZjMyMmVmOCUyMTJzVGltaSUyNUM4JTI1OTlvYXJhJTI1MjBJbnRlcm5hdGlvbmFsJTI1MjBBaXJwb3J0JTIxNWUwJTIxM20yJTIxMXNlbiUyMTJzcm8lMjE0djE2NjkwNTA4MzY1MDklMjE1bTIlMjExc2VuJTIxMnNybyUyMiUyMHdpZHRoJTNEJTIyODAwJTIyJTIwaGVpZ2h0JTNEJTIyNjAwJTIyJTIwc3R5bGUlM0QlMjJib3JkZXIlM0EwJTNCJTIyJTIwYWxsb3dmdWxsc2NyZWVuJTNEJTIyJTIyJTIwbG9hZGluZyUzRCUyMmxhenklMjIlMjByZWZlcnJlcnBvbGljeSUzRCUyMm5vLXJlZmVycmVyLXdoZW4tZG93bmdyYWRlJTIyJTNFJTNDJTJGaWZyYW1lJTNF&#8221;][\/vc_column][\/vc_row]\n<\/div>","protected":false},"excerpt":{"rendered":"<p>[vc_row][vc_column][vc_column_text]Aeroportul este amplasat la 12 km distan\u0163\u0103, \u00een partea de N-E a municipiului Timi\u015foara. Accesul la Aeroport se face pe drumul european E70, dinspre Timi\u0219oara spre Bucure\u0219ti. [\/vc_column_text][\/vc_column][\/vc_row][vc_row][vc_column][vc_gmaps link=&#8221;#E-8_JTNDaWZyYW1lJTIwc3JjJTNEJTIyaHR0cHMlM0ElMkYlMkZ3d3cuZ29vZ2xlLmNvbSUyRm1hcHMlMkZlbWJlZCUzRnBiJTNEJTIxMW0xOCUyMTFtMTIlMjExbTMlMjExZDI3ODEuMDUwOTg4NzIzODY1NCUyMTJkMjEuMzE4MDA0NDE1NzYxNjM1JTIxM2Q0NS44MTAyMzcyMTgzMDcyNSUyMTJtMyUyMTFmMCUyMTJmMCUyMTNmMCUyMTNtMiUyMTFpMTAyNCUyMTJpNzY4JTIxNGYxMy4xJTIxM20zJTIxMW0yJTIxMXMweDQ3NDU2MTU0MjU1NDAxNDUlMjUzQTB4NjkyOTM4NTY0ZjMyMmVmOCUyMTJzVGltaSUyNUM4JTI1OTlvYXJhJTI1MjBJbnRlcm5hdGlvbmFsJTI1MjBBaXJwb3J0JTIxNWUwJTIxM20yJTIxMXNlbiUyMTJzcm8lMjE0djE2NjkwNTA4MzY1MDklMjE1bTIlMjExc2VuJTIxMnNybyUyMiUyMHdpZHRoJTNEJTIyODAwJTIyJTIwaGVpZ2h0JTNEJTIyNjAwJTIyJTIwc3R5bGUlM0QlMjJib3JkZXIlM0EwJTNCJTIyJTIwYWxsb3dmdWxsc2NyZWVuJTNEJTIyJTIyJTIwbG9hZGluZyUzRCUyMmxhenklMjIlMjByZWZlcnJlcnBvbGljeSUzRCUyMm5vLXJlZmVycmVyLXdoZW4tZG93bmdyYWRlJTIyJTNFJTNDJTJGaWZyYW1lJTNF&#8221;][\/vc_column][\/vc_row]<\/p>\n","protected":false},"author":1,"featured_media":0,"parent":0,"menu_order":0,"comment_status":"closed","ping_status":"closed","template":"","meta":{"footnotes":""},"class_list":["post-5185","page","type-page","status-publish","hentry"],"_links":{"self":[{"href":"https:\/\/www.aerotim.ro\/index.php\/wp-json\/wp\/v2\/pages\/5185","targetHints":{"allow":["GET"]}}],"collection":[{"href":"https:\/\/www.aerotim.ro\/index.php\/wp-json\/wp\/v2\/pages"}],"about":[{"href":"https:\/\/www.aerotim.ro\/index.php\/wp-json\/wp\/v2\/types\/page"}],"author":[{"embeddable":true,"href":"https:\/\/www.aerotim.ro\/index.php\/wp-json\/wp\/v2\/users\/1"}],"replies":[{"embeddable":true,"href":"https:\/\/www.aerotim.ro\/index.php\/wp-json\/wp\/v2\/comments?post=5185"}],"version-history":[{"count":4,"href":"https:\/\/www.aerotim.ro\/index.php\/wp-json\/wp\/v2\/pages\/5185\/revisions"}],"predecessor-version":[{"id":19912,"href":"https:\/\/www.aerotim.ro\/index.php\/wp-json\/wp\/v2\/pages\/5185\/revisions\/19912"}],"wp:attachment":[{"href":"https:\/\/www.aerotim.ro\/index.php\/wp-json\/wp\/v2\/media?parent=5185"}],"curies":[{"name":"wp","href":"https:\/\/api.w.org\/{rel}","templated":true}]}}

<div class="wpb-content-wrapper">[vc_row][vc_column][vc_column_text]Aeroportul este amplasat la 12 km distanţă, în partea de N-E a municipiului Timişoara.</p>

<p>Accesul la Aeroport se face pe drumul european E70, dinspre Timișoara spre București.</p>
[/vc_column_text][/vc_column][/vc_row][vc_row][vc_column][vc_gmaps link=&#8221;#E-8_JTNDaWZyYW1lJTIwc3JjJTNEJTIyaHR0cHMlM0ElMkYlMkZ3d3cuZ29vZ2xlLmNvbSUyRm1hcHMlMkZlbWJlZCUzRnBiJTNEJTIxMW0xOCUyMTFtMTIlMjExbTMlMjExZDI3ODEuMDUwOTg4NzIzODY1NCUyMTJkMjEuMzE4MDA0NDE1NzYxNjM1JTIxM2Q0NS44MTAyMzcyMTgzMDcyNSUyMTJtMyUyMTFmMCUyMTJmMCUyMTNmMCUyMTNtMiUyMTFpMTAyNCUyMTJpNzY4JTIxNGYxMy4xJTIxM20zJTIxMW0yJTIxMXMweDQ3NDU2MTU0MjU1NDAxNDUlMjUzQTB4NjkyOTM4NTY0ZjMyMmVmOCUyMTJzVGltaSUyNUM4JTI1OTlvYXJhJTI1MjBJbnRlcm5hdGlvbmFsJTI1MjBBaXJwb3J0JTIxNWUwJTIxM20yJTIxMXNlbiUyMTJzcm8lMjE0djE2NjkwNTA4MzY1MDklMjE1bTIlMjExc2VuJTIxMnNybyUyMiUyMHdpZHRoJTNEJTIyODAwJTIyJTIwaGVpZ2h0JTNEJTIyNjAwJTIyJTIwc3R5bGUlM0QlMjJib3JkZXIlM0EwJTNCJTIyJTIwYWxsb3dmdWxsc2NyZWVuJTNEJTIyJTIyJTIwbG9hZGluZyUzRCUyMmxhenklMjIlMjByZWZlcnJlcnBvbGljeSUzRCUyMm5vLXJlZmVycmVyLXdoZW4tZG93bmdyYWRlJTIyJTNFJTNDJTJGaWZyYW1lJTNF&#8221;][/vc_column][/vc_row]
</div>

<p>[vc_row][vc_column][vc_column_text]Aeroportul este amplasat la 12 km distanţă, în partea de N-E a municipiului Timişoara. Accesul la Aeroport se face pe drumul european E70, dinspre Timișoara spre București. [/vc_column_text][/vc_column][/vc_row][vc_row][vc_column][vc_gmaps link=&#8221;#E-8_JTNDaWZyYW1lJTIwc3JjJTNEJTIyaHR0cHMlM0ElMkYlMkZ3d3cuZ29vZ2xlLmNvbSUyRm1hcHMlMkZlbWJlZCUzRnBiJTNEJTIxMW0xOCUyMTFtMTIlMjExbTMlMjExZDI3ODEuMDUwOTg4NzIzODY1NCUyMTJkMjEuMzE4MDA0NDE1NzYxNjM1JTIxM2Q0NS44MTAyMzcyMTgzMDcyNSUyMTJtMyUyMTFmMCUyMTJmMCUyMTNmMCUyMTNtMiUyMTFpMTAyNCUyMTJpNzY4JTIxNGYxMy4xJTIxM20zJTIxMW0yJTIxMXMweDQ3NDU2MTU0MjU1NDAxNDUlMjUzQTB4NjkyOTM4NTY0ZjMyMmVmOCUyMTJzVGltaSUyNUM4JTI1OTlvYXJhJTI1MjBJbnRlcm5hdGlvbmFsJTI1MjBBaXJwb3J0JTIxNWUwJTIxM20yJTIxMXNlbiUyMTJzcm8lMjE0djE2NjkwNTA4MzY1MDklMjE1bTIlMjExc2VuJTIxMnNybyUyMiUyMHdpZHRoJTNEJTIyODAwJTIyJTIwaGVpZ2h0JTNEJTIyNjAwJTIyJTIwc3R5bGUlM0QlMjJib3JkZXIlM0EwJTNCJTIyJTIwYWxsb3dmdWxsc2NyZWVuJTNEJTIyJTIyJTIwbG9hZGluZyUzRCUyMmxhenklMjIlMjByZWZlcnJlcnBvbGljeSUzRCUyMm5vLXJlZmVycmVyLXdoZW4tZG93bmdyYWRlJTIyJTNFJTNDJTJGaWZyYW1lJTNF&#8221;][/vc_column][/vc_row]</p>
