{"id":25684,"date":"2026-02-10T16:24:12","date_gmt":"2026-02-10T14:24:12","guid":{"rendered":"https:\/\/www.aerotim.ro\/?page_id=25684"},"modified":"2026-02-10T17:35:00","modified_gmt":"2026-02-10T15:35:00","slug":"formular-legea-544","status":"publish","type":"page","link":"https:\/\/www.aerotim.ro\/index.php\/formular-legea-544\/","title":{"rendered":"Formular Legea 544"},"content":{"rendered":"<div class=\"wpb-content-wrapper\">[vc_row][vc_column]\n<div class=\"wpcf7 no-js\" id=\"wpcf7-f25683-o1\" lang=\"ro-RO\" dir=\"ltr\" data-wpcf7-id=\"25683\">\n<div class=\"screen-reader-response\"><p role=\"status\" aria-live=\"polite\" aria-atomic=\"true\"><\/p> <ul><\/ul><\/div>\n<form action=\"\/index.php\/wp-json\/wp\/v2\/pages\/25684#wpcf7-f25683-o1\" method=\"post\" class=\"wpcf7-form init\" aria-label=\"Formular de contact\" novalidate=\"novalidate\" data-status=\"init\">\n<fieldset class=\"hidden-fields-container\"><input type=\"hidden\" name=\"_wpcf7\" value=\"25683\" \/><input type=\"hidden\" name=\"_wpcf7_version\" value=\"6.1.5\" \/><input type=\"hidden\" name=\"_wpcf7_locale\" value=\"ro_RO\" \/><input type=\"hidden\" name=\"_wpcf7_unit_tag\" value=\"wpcf7-f25683-o1\" \/><input type=\"hidden\" name=\"_wpcf7_container_post\" value=\"0\" \/><input type=\"hidden\" name=\"_wpcf7_posted_data_hash\" value=\"\" \/><input type=\"hidden\" name=\"_wpcf7_recaptcha_response\" value=\"\" \/>\n<\/fieldset>\n<div class=\"cf544 container\">\n\t<div class=\"cf544__header header\">\n\t\t<h1>SOLICITARE \u00ceN BAZA LEGII NR. 544\/2001\n\t\t<\/h1>\n\t\t<p>privind liberul acces la informa\u021biile de interes public\n\t\t<\/p>\n\t\t<p class=\"cf544__small\">Aeroportul Interna\u021bional Timi\u0219oara \u201eTraian Vuia\"\n\t\t<\/p>\n\t<\/div>\n\t<div class=\"cf544__content form-content\">\n\n <!-- Sec\u021biunea 1 -->\n\t\t<div class=\"cf544__section section\">\n\t\t\t<div class=\"section-title\">\n\t\t\t\t<p><span class=\"section-number\">1<\/span><br \/>\nDatele solicitantului\n\t\t\t\t<\/p>\n\t\t\t<\/div>\n\t\t\t<div class=\"form-group\">\n\t\t\t\t<p><label>Tip solicitant <span class=\"required\">*<\/span><\/label>\n\t\t\t\t<\/p>\n\t\t\t\t<div class=\"radio-group\">\n\t\t\t\t\t<p><span class=\"wpcf7-form-control-wrap\" data-name=\"tip_solicitant\"><span class=\"wpcf7-form-control wpcf7-radio\"><span class=\"wpcf7-list-item first\"><label><input type=\"radio\" name=\"tip_solicitant\" value=\"Persoan\u0103 fizic\u0103\" checked=\"checked\" \/><span class=\"wpcf7-list-item-label\">Persoan\u0103 fizic\u0103<\/span><\/label><\/span><span class=\"wpcf7-list-item last\"><label><input type=\"radio\" name=\"tip_solicitant\" value=\"Persoan\u0103 juridic\u0103\" \/><span class=\"wpcf7-list-item-label\">Persoan\u0103 juridic\u0103<\/span><\/label><\/span><\/span><\/span>\n\t\t\t\t\t<\/p>\n\t\t\t\t<\/div>\n\t\t\t<\/div>\n\t\t\t<div class=\"form-group\">\n\t\t\t\t<p><label for=\"cf544-nume\">Nume \u0219i prenume \/ Denumire <span class=\"required\">*<\/span><\/label><br \/>\n<span class=\"wpcf7-form-control-wrap\" data-name=\"nume\"><input size=\"40\" maxlength=\"400\" class=\"wpcf7-form-control wpcf7-text wpcf7-validates-as-required\" id=\"cf544-nume\" autocomplete=\"name\" aria-required=\"true\" aria-invalid=\"false\" value=\"\" type=\"text\" name=\"nume\" \/><\/span>\n\t\t\t\t<\/p>\n\t\t\t<\/div>\n\t\t\t<div class=\"form-group\">\n\t\t\t\t<p><label for=\"cf544-cnp_cui\">CNP \/ CUI (op\u021bional)<\/label><br \/>\n<span class=\"wpcf7-form-control-wrap\" data-name=\"cnp_cui\"><input size=\"40\" maxlength=\"400\" class=\"wpcf7-form-control wpcf7-text\" id=\"cf544-cnp_cui\" aria-invalid=\"false\" placeholder=\"Op\u021bional\" value=\"\" type=\"text\" name=\"cnp_cui\" \/><\/span>\n\t\t\t\t<\/p>\n\t\t\t<\/div>\n\t\t\t<div class=\"form-group\">\n\t\t\t\t<p><label for=\"cf544-adresa\">Adres\u0103 de coresponden\u021b\u0103 <span class=\"required\">*<\/span><\/label><br \/>\n<span class=\"wpcf7-form-control-wrap\" data-name=\"adresa\"><input size=\"40\" maxlength=\"400\" class=\"wpcf7-form-control wpcf7-text wpcf7-validates-as-required\" id=\"cf544-adresa\" autocomplete=\"street-address\" aria-required=\"true\" aria-invalid=\"false\" value=\"\" type=\"text\" name=\"adresa\" \/><\/span>\n\t\t\t\t<\/p>\n\t\t\t<\/div>\n\t\t\t<div class=\"form-group\">\n\t\t\t\t<p><label for=\"cf544-telefon\">Telefon <span class=\"required\">*<\/span><\/label><br \/>\n<span class=\"wpcf7-form-control-wrap\" data-name=\"telefon\"><input size=\"40\" maxlength=\"400\" class=\"wpcf7-form-control wpcf7-tel wpcf7-validates-as-required wpcf7-text wpcf7-validates-as-tel\" id=\"cf544-telefon\" autocomplete=\"tel\" aria-required=\"true\" aria-invalid=\"false\" value=\"\" type=\"tel\" name=\"telefon\" \/><\/span>\n\t\t\t\t<\/p>\n\t\t\t<\/div>\n\t\t\t<div class=\"form-group\">\n\t\t\t\t<p><label for=\"cf544-email\">E-mail <span class=\"required\">*<\/span><\/label><br \/>\n<span class=\"wpcf7-form-control-wrap\" data-name=\"email\"><input size=\"40\" maxlength=\"400\" class=\"wpcf7-form-control wpcf7-email wpcf7-validates-as-required wpcf7-text wpcf7-validates-as-email\" id=\"cf544-email\" autocomplete=\"email\" aria-required=\"true\" aria-invalid=\"false\" value=\"\" type=\"email\" name=\"email\" \/><\/span>\n\t\t\t\t<\/p>\n\t\t\t<\/div>\n\t\t<\/div>\n\n <!-- Sec\u021biunea 2 -->\n\t\t<div class=\"cf544__section section\">\n\t\t\t<div class=\"section-title\">\n\t\t\t\t<p><span class=\"section-number\">2<\/span><br \/>\nInforma\u021biile solicitate\n\t\t\t\t<\/p>\n\t\t\t<\/div>\n\t\t\t<div class=\"form-group\">\n\t\t\t\t<p><label for=\"cf544-informatii\">V\u0103 rog s\u0103-mi comunica\u021bi urm\u0103toarele informa\u021bii de interes public <span class=\"required\">*<\/span><\/label><br \/>\n<span class=\"wpcf7-form-control-wrap\" data-name=\"informatii\"><textarea cols=\"40\" rows=\"10\" maxlength=\"2000\" class=\"wpcf7-form-control wpcf7-textarea wpcf7-validates-as-required\" id=\"cf544-informatii\" aria-required=\"true\" aria-invalid=\"false\" placeholder=\"Descrie\u021bi \u00een detaliu informa\u021biile pe care dori\u021bi s\u0103 le ob\u021bine\u021bi...\" name=\"informatii\"><\/textarea><\/span>\n\t\t\t\t<\/p>\n\t\t\t<\/div>\n\t\t<\/div>\n\n <!-- Sec\u021biunea 3 -->\n\t\t<div class=\"cf544__section section\">\n\t\t\t<div class=\"section-title\">\n\t\t\t\t<p><span class=\"section-number\">3<\/span><br \/>\n<span class=\"section-text\">Modalitatea de furnizare a informa\u021biilor<\/span>\n\t\t\t\t<\/p>\n\t\t\t<\/div>\n\t\t\t<div class=\"form-group\">\n\t\t\t\t<p><label>Selecta\u021bi modalitatea dorit\u0103 <span class=\"required\">*<\/span><\/label>\n\t\t\t\t<\/p>\n\t\t\t\t<div class=\"checkbox-group\">\n\t\t\t\t\t<p><span class=\"wpcf7-form-control-wrap\" data-name=\"modalitate\"><span class=\"wpcf7-form-control wpcf7-checkbox wpcf7-validates-as-required\"><span class=\"wpcf7-list-item first\"><label><input type=\"checkbox\" name=\"modalitate[]\" value=\"E-mail\" \/><span class=\"wpcf7-list-item-label\">E-mail<\/span><\/label><\/span><span class=\"wpcf7-list-item\"><label><input type=\"checkbox\" name=\"modalitate[]\" value=\"Ridicare de la sediul institu\u021biei\" \/><span class=\"wpcf7-list-item-label\">Ridicare de la sediul institu\u021biei<\/span><\/label><\/span><span class=\"wpcf7-list-item last\"><label><input type=\"checkbox\" name=\"modalitate[]\" value=\"Po\u0219t\u0103 (costurile de copiere\/expediere pot fi suportate de solicitant)\" \/><span class=\"wpcf7-list-item-label\">Po\u0219t\u0103 (costurile de copiere\/expediere pot fi suportate de solicitant)<\/span><\/label><\/span><\/span><\/span>\n\t\t\t\t\t<\/p>\n\t\t\t\t<\/div>\n\t\t\t<\/div>\n\t\t<\/div>\n\t\t<div class=\"info-box\">\n\t\t\t<h4>Not\u0103 pentru solicitant\n\t\t\t<\/h4>\n\t\t\t<p>R\u0103spunsul va fi transmis \u00een termenele prev\u0103zute de Legea nr. 544\/2001.\n\t\t\t<\/p>\n\t\t\t<p>\u00cen cazul unui refuz, ve\u021bi primi o justificare scris\u0103 \u0219i informa\u021bii privind c\u0103ile de contestare.\n\t\t\t<\/p>\n\t\t<\/div>\n\t\t<div class=\"cf544__submit\">\n\t\t\t<p><input class=\"wpcf7-form-control wpcf7-submit has-spinner submit-btn\" type=\"submit\" value=\"Trimite solicitarea\" \/>\n\t\t\t<\/p>\n\t\t<\/div>\n\t<\/div>\n<\/div><input type='hidden' class='wpcf7-pum' value='{\"closepopup\":false,\"closedelay\":0,\"openpopup\":false,\"openpopup_id\":0}' \/><div class=\"wpcf7-response-output\" aria-hidden=\"true\"><\/div>\n<\/form>\n<\/div>\n[\/vc_column][\/vc_row]\n<\/div>","protected":false},"excerpt":{"rendered":"<p>[vc_row][vc_column][\/vc_column][\/vc_row]<\/p>\n","protected":false},"author":9,"featured_media":0,"parent":0,"menu_order":0,"comment_status":"closed","ping_status":"closed","template":"","meta":{"footnotes":""},"class_list":["post-25684","page","type-page","status-publish","hentry"],"_links":{"self":[{"href":"https:\/\/www.aerotim.ro\/index.php\/wp-json\/wp\/v2\/pages\/25684","targetHints":{"allow":["GET"]}}],"collection":[{"href":"https:\/\/www.aerotim.ro\/index.php\/wp-json\/wp\/v2\/pages"}],"about":[{"href":"https:\/\/www.aerotim.ro\/index.php\/wp-json\/wp\/v2\/types\/page"}],"author":[{"embeddable":true,"href":"https:\/\/www.aerotim.ro\/index.php\/wp-json\/wp\/v2\/users\/9"}],"replies":[{"embeddable":true,"href":"https:\/\/www.aerotim.ro\/index.php\/wp-json\/wp\/v2\/comments?post=25684"}],"version-history":[{"count":2,"href":"https:\/\/www.aerotim.ro\/index.php\/wp-json\/wp\/v2\/pages\/25684\/revisions"}],"predecessor-version":[{"id":25686,"href":"https:\/\/www.aerotim.ro\/index.php\/wp-json\/wp\/v2\/pages\/25684\/revisions\/25686"}],"wp:attachment":[{"href":"https:\/\/www.aerotim.ro\/index.php\/wp-json\/wp\/v2\/media?parent=25684"}],"curies":[{"name":"wp","href":"https:\/\/api.w.org\/{rel}","templated":true}]}}