{"id":18799,"date":"2022-06-29T12:34:05","date_gmt":"2022-06-29T09:34:05","guid":{"rendered":"https:\/\/opus365.ro\/aerotim_2022\/?page_id=18799"},"modified":"2023-07-26T10:16:32","modified_gmt":"2023-07-26T07:16:32","slug":"autobuz","status":"publish","type":"page","link":"https:\/\/www.aerotim.ro\/index.php\/autobuz\/","title":{"rendered":"Autobuz"},"content":{"rendered":"\r\n<p><a rel=\"noreferrer noopener\" href=\"http:\/\/www.ratt.ro\/\" target=\"_blank\"><strong>Expresul nr. 4 (E4)<\/strong> face leg\u0103tura de la aeroport p\u00e2n\u0103 \u00een centrul ora\u0219ului Timi\u0219oara.<\/a><\/p>\r\n\r\n\r\n\r\n<p><a href=\"http:\/\/www.ratt.ro\/\" target=\"_blank\" rel=\"noopener\"><strong>Expresul nr. 4 barat (E4b)<\/strong> face leg\u0103tura de la aeroport cu gara central\u0103 a ora\u0219ului Timi\u0219oara.<\/a><\/p>\r\n\r\n\r\n\r\n<p><a href=\"http:\/\/stpt.ro\/\" target=\"_blank\" rel=\"noopener\">Pentru mai multe informa\u021bii referitoare la orarul curselor de transport public click aici<\/a><\/p>\r\n","protected":false},"excerpt":{"rendered":"<p>Expresul nr. 4 (E4) face leg\u0103tura de la aeroport p\u00e2n\u0103 \u00een centrul ora\u0219ului Timi\u0219oara. Expresul nr. 4 barat (E4b) face leg\u0103tura de la aeroport cu gara central\u0103 a ora\u0219ului Timi\u0219oara. Pentru mai multe informa\u021bii referitoare la orarul curselor de transport public click aici<\/p>\n","protected":false},"author":1,"featured_media":0,"parent":0,"menu_order":0,"comment_status":"closed","ping_status":"closed","template":"","meta":{"footnotes":""},"class_list":["post-18799","page","type-page","status-publish","hentry"],"_links":{"self":[{"href":"https:\/\/www.aerotim.ro\/index.php\/wp-json\/wp\/v2\/pages\/18799","targetHints":{"allow":["GET"]}}],"collection":[{"href":"https:\/\/www.aerotim.ro\/index.php\/wp-json\/wp\/v2\/pages"}],"about":[{"href":"https:\/\/www.aerotim.ro\/index.php\/wp-json\/wp\/v2\/types\/page"}],"author":[{"embeddable":true,"href":"https:\/\/www.aerotim.ro\/index.php\/wp-json\/wp\/v2\/users\/1"}],"replies":[{"embeddable":true,"href":"https:\/\/www.aerotim.ro\/index.php\/wp-json\/wp\/v2\/comments?post=18799"}],"version-history":[{"count":4,"href":"https:\/\/www.aerotim.ro\/index.php\/wp-json\/wp\/v2\/pages\/18799\/revisions"}],"predecessor-version":[{"id":21605,"href":"https:\/\/www.aerotim.ro\/index.php\/wp-json\/wp\/v2\/pages\/18799\/revisions\/21605"}],"wp:attachment":[{"href":"https:\/\/www.aerotim.ro\/index.php\/wp-json\/wp\/v2\/media?parent=18799"}],"curies":[{"name":"wp","href":"https:\/\/api.w.org\/{rel}","templated":true}]}}

<p><a rel="noreferrer noopener" href="http://www.ratt.ro/" target="_blank"><strong>Expresul nr. 4 (E4)</strong> face legătura de la aeroport până în centrul orașului Timișoara.</a></p>



<p><a href="http://www.ratt.ro/" target="_blank" rel="noopener"><strong>Expresul nr. 4 barat (E4b)</strong> face legătura de la aeroport cu gara centrală a orașului Timișoara.</a></p>



<p><a href="http://stpt.ro/" target="_blank" rel="noopener">Pentru mai multe informații referitoare la orarul curselor de transport public click aici</a></p>

<p>Expresul nr. 4 (E4) face legătura de la aeroport până în centrul orașului Timișoara. Expresul nr. 4 barat (E4b) face legătura de la aeroport cu gara centrală a orașului Timișoara. Pentru mai multe informații referitoare la orarul curselor de transport public click aici</p>
